Determine w(x).
78
Let y(a) = 21*a + 121. Let q be (-250)/(-2375) + 232/(-38). Give y(q).
-5
Let y(d) = -d**3 + 11*d**2 - 3*d - 1. Let j be (-1)/10 - (10486/(-980) + 4/(-10)). What is y(j)?
-34
Let h be 1/(5/74)*-5. Let v = 77 + h. Let t be (1 + 20/8 - v)*-12. Let m(x) = 4*x + 1. What is m(t)?
-23
Let b(h) = 10080*h**2 - 106*h + 26*h + 353 - 10078*h**2. Calculate b(35).
3
Let w(g) = 6*g - 3. Let v be w(1). Let r be 27/(-18)*(v - 1). Let d(l) = -l - 2. Let p(s) = -2*s - 8. Let m(z) = 6*d(z) - p(z). Give m(r).
8
Let o(w) = 5*w**3 - 6*w**2 + 5*w + 5. Let c(l) = 14*l**3 - 19*l**2 + 13*l + 16. Let h(g) = 4*c(g) - 11*o(g). Let a be 20 - (10 - -6 - 6). Calculate h(a).
-21
Let z(d) = 5*d**2 + 9*d + 38. Let p(h) = -4*h**2 - h. Let r(w) = 2*p(w) + z(w). Give r(5).
-2
Let k(i) = -18*i**3 + i**2 - i + 1. Let o = 1986 - 1985. Determine k(o).
-17
Suppose -4*m - 30 = -6*o + 40, -3*m = -4*o + 49. Let d(c) = -6*c - 21. Determine d(m).
21
Let d = -2619 + 2630. Let u(v) = v**2 - 13*v - 7. Give u(d).
-29
Let d(n) be the second derivative of -n**5/20 + 7*n**4/12 - 3*n**3/2 + 5*n**2 + 569*n. Give d(6).
-8
Suppose -31*a - 4 = -0*a - 97. Let b(d) = -19*d + 63. Calculate b(a).
6
Let x(g) = 193*g + 2886. Let p be x(-15). Let i(a) = -5*a - 46. Calculate i(p).
-1
Let q(k) = -k**2 - 2*k + 3. Suppose 8*t + 48 + 144 = 0. Let g = t - -27. Suppose g*a = -a - 16. Give q(a).
-5
Let z(j) = -j**2 - 28*j + 85. Suppose -3*p + 58 = -s, 7*p - 8*p = -5*s - 164. What is z(s)?
-8
Let g be (-1 - 10/(-6))*3. Suppose -h - 12 = -2*c, 4*c - 2*c + g*h - 24 = 0. Let n(o) = o**3 - 7*o**2 - 10*o + 10. Give n(c).
-6
Suppose -6*v - 172 - 32 = 0. Let h = -24 - v. Suppose -4*f - 2*p + h = -8*f, -4*f - 3*p = 15. Let s(r) = r**2 + 4*r + 2. Give s(f).
-1
Let o(k) = k**3 + 5*k**2 + 4*k - 3. Let v(r) = 16*r**2 - 5*r - 20*r**2 + 5*r**2 + 44 + 21*r. Let s be v(-4). What is o(s)?
-3
Let p(x) be the third derivative of x**6/120 + 7*x**5/60 + 5*x**4/24 - 5*x**3/6 - 4*x**2 - 64*x. Suppose 0 = -8*n + 3*n - 30. Give p(n).
1
Let h be (2/((-10)/(-75)))/(-3). Let j(u) = -19*u**3 + 2*u**2 - 2*u + 3. Let f(i) = 18*i**3 - 3*i**2 + 3*i - 4. Let y(c) = h*j(c) - 4*f(c). Determine y(1).
24
Let j(y) = -3*y + 6 + 7 - 4*y**2 - 15 + 4 + 2*y**3. Let r(c) = -c**3 - 1. Let p(g) = j(g) + 3*r(g). Let u(x) = 2*x**3 - x**2 + 1. Let q be u(-1). Give p(q).
-3
Let h be (-4)/(-12) - 14/6. Let n(c) = -607 + c - c**2 - 607 + 3*c**3 + 1820 - 608. What is n(h)?
-32
Let f(q) be the first derivative of -q**2 + 3*q - 1580. Determine f(1).
1
Let j(r) = 0*r - 9*r - 50 - 232 - 3*r + 62. What is j(-18)?
-4
Suppose 215*b = -108*b + 446 + 200. Let k(y) be the third derivative of 0 - 10*y**b + 0*y**3 - 1/60*y**5 + 0*y + 1/3*y**4. Determine k(8).
0
Let t(b) be the second derivative of 0 - 19*b**2 + 1/12*b**4 + 0*b**3 - 12*b. Let w(a) be the first derivative of t(a). Determine w(3).
6
Let l(b) = -2*b + 39. Let k be l(20). Let g(c) = -5*c**3 + 2*c**2 - 11*c - 2. Let j(w) = -w**3 - 2*w - 1. Let z(q) = k*g(q) + 4*j(q). What is z(3)?
16
Let s(m) = -3*m**2 - 2. Let x be (-4)/30 + (-1102)/285 + (-14)/7. Give s(x).
-110
Let o(f) = 6*f + 7. Let p(j) = -j - 1. Let i(v) = -o(v) - 3*p(v). Let k be -1*5*(168/(-21) - -9). Calculate i(k).
11
Let l(o) = 8*o - 207. Let v(r) = 15*r - 397. Let n(c) = -5*l(c) + 3*v(c). Determine n(31).
-1
Let c(q) = 4*q**2 - 23 - 2942*q + 2936*q - 3*q**2. What is c(9)?
4
Suppose 28 = 4*n - t - 16, -t - 54 = -5*n. Let i(g) = -2*g + n*g + 130 - 131 - 4*g. Calculate i(-1).
-5
Let m(k) be the third derivative of k**6/120 - 7*k**5/60 + k**4/6 + k**3 + k**2 + 3. Let r be (-20)/(-3) - 7 - (-76)/12. Calculate m(r).
-6
Let l = 31 + -34. Let h be ((-7)/(-2) + 1)*(-28)/(-63). Let n(p) = 4 - 3*p - 1 + 1 + h*p. Give n(l).
7
Let a = -7 - -9. Let b(p) be the third derivative of p**4/24 + p**3/6 - 9*p**2 + 300*p. What is b(a)?
3
Let n(l) = -2*l**2 - 11*l + 4. Suppose -3*s + 546 - 561 = 0. Calculate n(s).
9
Let l = -7563 - -7568. Let y(a) = -a**2 + 10*a + 18. Calculate y(l).
43
Let r(d) = -d**3 + d**2 - 2. Let m = 97 - 79. Suppose -42 = 3*n + m*n. What is r(n)?
10
Let k(m) = 4*m - 6. Let x(a) = a**3 + 31*a**2 - 33*a - 31. Let d be x(-32). Let r be (-12)/4*(-2 + (d - 0)). Give k(r).
6
Let j(q) = 8*q - 3. Suppose -36*b = -40*b + 4. Let v(m) = 7*m - 7 + 4 + 1 - b. Let t(u) = 6*j(u) - 7*v(u). Give t(-3).
6
Suppose 3 = -2*x + 5*x. Let u(t) = -10*t**3 + 4*t**2 - 5*t - 7. Let w(c) = 31*c**3 - 11*c**2 + 13*c + 19. Let s(h) = -8*u(h) - 3*w(h). Calculate s(x).
-12
Let t be ((-64)/48)/((-2)/24). Suppose -3*v + w + t = 0, -v + w - 2*w = -8. Let n(f) = f**3 - 5*f**2 - 6*f + 5. Calculate n(v).
5
Let i(j) = 9 - 25 + 144 - 6 - 36 + 5*j. Give i(-18).
-4
Let v(o) = o**2 + 16*o + 5. Let s(y) = 6*y**2 + 80*y + 20. Let a(p) = -2*s(p) + 11*v(p). Calculate a(18).
-21
Let h(f) = 133*f + 10. Let u(r) = 45*r + 24. Let q(c) = -3*h(c) + 10*u(c). Give q(-4).
6
Let w(r) = 91*r - 1635. Let y be w(18). Let a(f) = -2*f**2 - f + 16. Give a(y).
-5
Let u(d) = d**3 - 4*d**2 + d + 3. Let p(n) = -n + 3*n + 2*n - 5. Let b be p(2). Suppose -2*o - 25 = -7*o + 5*t, 14 = b*o - 2*t. Determine u(o).
7
Let f = -52 + 64. Let h(p) = -9 - 13*p + 0*p**2 - p**2 + f + 9. Calculate h(-14).
-2
Let w(z) = -z**2 + 10*z. Let y be (60/6 - 11) + 13. Determine w(y).
-24
Let s = 7 + -12. Let p(d) be the third derivative of 0 + 0*d + d**3 + 22*d**2 - 1/60*d**5 - 1/4*d**4. Give p(s).
11
Let f = 43852 + -43856. Let r(p) = 25*p - 10. Calculate r(f).
-110
Let h(i) be the second derivative of -i**3/3 + 37*i**2/2 - 4*i + 1. Let z be h(21). Let w(a) = a**3 + 7*a**2 + 4*a + 1. What is w(z)?
31
Let w(l) = 3*l**3 - 3*l**2 - 131. Let z(d) = -2*d**3 + 2*d**2 + 87. Let s(n) = -5*w(n) - 7*z(n). Calculate s(0).
46
Let g = 3819 + -3814. Let k(f) = -f**2 + f + 1. Let n be ((-3)/(-2))/((-1)/(-2)). Let m(z) = -2*z**2 - 4*z + 4. Let d(o) = n*k(o) - m(o). Give d(g).
9
Suppose 9*g = -2*z + 11*g - 700, 0 = 2*z - 4*g + 698. Let k = z + 348. Let l(x) = -x - 1. What is l(k)?
2
Suppose 0 = -50*d + 39*d + 22. Let n(g) = 14 - 33 - 5*g + 20 - g**d. Give n(-4).
5
Let z(t) = 6*t**2 - 79*t + 10. Let i(x) = 2*x**2 - 39*x + 5. Let k(m) = 5*i(m) - 2*z(m). Let o be k(-19). Let d(f) = -f**3 - 14*f**2 + 8. Determine d(o).
8
Let m(o) be the second derivative of -o**3/3 + 11*o**2 + o - 1206. Suppose 0 = 5*h + 20 - 70. Calculate m(h).
2
Let u(n) = -n**2 - 5*n - 4. Let j be ((-21)/(-63))/((-2)/(-84)). Suppose -j = -2*q + 22. Let z = 15 - q. Give u(z).
2
Let t(d) = -2*d. Let z be 1*(6 - (-8 - -14)). Let s be z/(-4) - -6 - (-5 + 8). What is t(s)?
-6
Let l(u) = u**2 + 47101 + 15*u**2 + u**3 - 47120 - 3*u. What is l(-16)?
29
Suppose 5*i + 4*v = -18, 3*v - 3 = -9. Let c = i + 8. Let z(p) = -432 + 190 + 6*p**2 - p**3 + 243. What is z(c)?
1
Let t(q) = -q**3 - 12*q**2. Let r be t(-12). Let k be 2 - r - (-24)/(-4). Let i(u) be the third derivative of u**4/24 + u**3/2 + 2279*u**2. Determine i(k).
-1
Let q(w) = 77*w + 2 + 74*w + 3 + 101*w - 277*w. Determine q(1).
-20
Let n be (0 + -3)*15/(-9) + -5. Let s(q) = n*q**2 - 4 - 8*q**2 - 6*q**2 + 13*q**2 - 2*q. Calculate s(-2).
-4
Let b be ((-10 - 2) + 2)*-2. Let f(j) = -14*j - b*j + 53*j + 23 - 21*j. What is f(13)?
-3
Let a = -820 + 812. Let b(i) be the first derivative of -i**2/2 - 6*i - 27. Give b(a).
2
Let b(u) = -u**3 - 42*u**2 - 423*u + 57. Let m be b(-25). Let v(q) = -3*q + 7 + 1 + 0*q. What is v(m)?
-13
Let j = 210 - 203. Suppose -3*b + 13 = -j*b + m, 1 = b + 4*m. Let a(o) = 4*o - 3. Give a(b).
-15
Let k = 28 - 24. Let z(t) = t**3 - 4*t**2 + 2*t - 6. Let f be z(k). Suppose 0 = 4*l - f*l - 8. Let g(b) = -b + 9. What is g(l)?
5
Let y(d) be the first derivative of -d**2/2 - 5*d - 298. Let s(h) be the first derivative of -h**2 - 12*h + 1. Let v(u) = -5*s(u) + 12*y(u). What is v(1)?
-2
Suppose 0 - 3 = -l + 4*r, 0 = 2*l + 3*r - 17. Suppose -5*j + 8 + 27 = 0. Let d(x) = 7*x + 7 - j + 5 + 0*x**2 - x**2. Give d(l).
5
Let y(c) = 2*c + 1. Let p(x) = -2*x - 2. Let d = 268 + -272. Let i(v) = d*p(v) - 5*y(v). What is i(3)?
-3
Let g(f) be the second derivative of f**5/20 + 2*f**4/3 + 5*f**3/3 + 8*f**2 + 1050*f. Give g(-6).
28
Let p be 196 + 154/30 + (-20)/150. Suppose 40*m + p = 41. Let d(w) = -w**3 - 6*w**2 - 11*w - 6. Give d(m).
6
Let y(r) be the second derivative of r**3/2 + r**2/2 + 2*r. Let l(x) = -8*x**2 + 2*x. Let k be l